 composite number?
False
Is 390407 a prime number?
True
Is 11214413 a composite number?
True
Is 510716893 prime?
False
Is 540035 a composite number?
True
Is 66920311 composite?
False
Is 7685627 prime?
True
Is 36461417 composite?
True
Is 677891 composite?
False
Is 384653 composite?
True
Is 244999 a composite number?
True
Is 1836343 a composite number?
True
Is 88443637 prime?
False
Is 46183073 a prime number?
True
Is 895138903 a composite number?
False
Is 13935391 a prime number?
True
Is 634485017 a prime number?
True
Is 57774263 a prime number?
True
Is 735339589 a composite number?
False
Is 56711 a prime number?
True
Is 57216539 a composite number?
True
Is 42897587 prime?
True
Is 1479899 a composite number?
True
Is 2616073 composite?
True
Is 344291911 a composite number?
False
Is 144788087 a prime number?
True
Is 46709749 a prime number?
False
Is 910455323 prime?
True
Is 23892989 composite?
True
Is 4396641 prime?
False
Is 242118037 a prime number?
False
Is 249563 prime?
True
Is 451163 composite?
True
Is 15580261 composite?
False
Is 49666651 a composite number?
False
Is 36322457 a composite number?
False
Is 39335309 a composite number?
True
Is 323140763 composite?
True
Is 921941 composite?
True
Is 29779159 a composite number?
False
Is 696423521 prime?
True
Is 159518297 a prime number?
False
Is 46080719 a prime number?
False
Is 145475501 composite?
True
Is 131831831 a composite number?
False
Is 580061 prime?
False
Is 4525426 prime?
False
Is 1709933 a prime number?
True
Is 39287405 a composite number?
True
Is 28754479 a prime number?
False
Is 389105443 a prime number?
False
Is 40789943 prime?
True
Is 25992581 a composite number?
False
Is 134776613 composite?
False
Is 8902133 a prime number?
True
Is 2162753 a composite number?
True
Is 202789 a composite number?
True
Is 169662599 a composite number?
False
Is 17364769 a prime number?
False
Is 1477823 a prime number?
True
Is 2078987 prime?
False
Is 38075039 composite?
True
Is 1448171 a composite number?
False
Is 6210869 prime?
False
Is 358760473 a prime number?
False
Is 2922883 composite?
True
Is 5518003 prime?
False
Is 83700977 a prime number?
False
Is 215280797 prime?
True
Is 9944839 prime?
True
Is 8355673 a composite number?
True
Is 4498589 composite?
False
Is 308353919 composite?
True
Is 111110918 prime?
False
Is 17432729 composite?
False
Is 14748038 a prime number?
False
Is 370033694 a prime number?
False
Is 349844497 a composite number?
True
Is 67630723 a composite number?
False
Is 5192849 composite?
True
Is 860669 a composite number?
True
Is 2117567567 composite?
False
Is 6423139 a prime number?
False
Is 8475787 a prime number?
True
Is 33443347 composite?
True
Is 146611 composite?
True
Is 41555219 prime?
True
Is 23137771 composite?
True
Is 270953 composite?
False
Is 2324199 composite?
True
Is 11142311 a prime number?
True
Is 61814933 composite?
False
Is 1351529 a prime number?
True
Is 175754191 prime?
True
Is 932941 composite?
False
Is 106321121 a composite number?
False
Is 60703883 a prime number?
True
Is 5966995 a prime number?
False
Is 40090493 composite?
True
Is 10652063 composite?
False
Is 34391089 composite?
False
Is 7630111 prime?
True
Is 32659915 prime?
False
Is 449406281 a composite number?
False
Is 8271857 prime?
False
Is 3130871 prime?
True
Is 8817839 prime?
True
Is 16852267 prime?
True
Is 159658229 prime?
True
Is 190100338 prime?
False
Is 127834501 composite?
True
Is 3163933 a prime number?
True
Is 8115049 a prime number?
True
Is 53047 composite?
False
Is 143032333 composite?
False
Is 226834 a composite number?
True
Is 19299769 a composite number?
False
Is 14857187 a prime number?
True
Is 25278319 composite?
True
Is 59834 composite?
True
Is 18103891 prime?
False
Is 399005 prime?
False
Is 1469933 a composite number?
False
Is 1994009 a prime number?
False
Is 36699611 prime?
False
Is 49046047 a composite number?
True
Is 4329449 a composite number?
False
Is 15353969 a prime number?
True
Is 624829 a prime number?
True
Is 90453499 prime?
False
Is 429977 composite?
True
Is 22912811 a composite number?
False
Is 232584221 a prime number?
True
Is 49767391 a prime number?
True
Is 336977771 prime?
False
Is 66264961 composite?
True
Is 1958413 composite?
False
Is 4505923 a composite number?
True
Is 260555969 a composite number?
False
Is 980914747 composite?
True
Is 27210163 composite?
False
Is 145063378 prime?
False
Is 2650721 composite?
True
Is 44041139 a composite number?
False
Is 728595697 prime?
False
Is 1072426 composite?
True
Is 87728639 a prime number?
True
Is 3344335 a prime number?
False
Is 112482367 prime?
False
Is 3743907 a composite number?
True
Is 26970011 composite?
False
Is 495701 a prime number?
True
Is 7406779 prime?
True
Is 10999553 composite?
True
Is 38669 a prime number?
True
Is 46029577 a composite number?
True
Is 22791893 a composite number?
False
Is 141720013 a prime number?
False
Is 287818 composite?
True
Is 2375713 prime?
True
Is 127174801 composite?
True
Is 38861293 a prime number?
False
Is 522371 a composite number?
False
Is 23906371 a prime number?
True
Is 2530279 prime?
False
Is 1113326105 a prime number?
False
Is 3018989 prime?
True
Is 50444455 a prime number?
False
Is 430701 a prime number?
False
Is 752083 composite?
False
Is 8544253 prime?
True
Is 357072253 a composite number?
True
Is 8943107 a composite number?
True
Is 5303381 a prime number?
False
Is 2649635 prime?
False
Is 24452121 a prime number?
False
Is 352349 a composite number?
False
Is 2784473 a prime number?
True
Is 7173357 prime?
False
Is 461681167 prime?
True
Is 42856507 a composite number?
True
Is 364902123 a prime number?
False
Is 302546 a composite number?
True
Is 55596197 a composite number?
False
Is 3781241 composite?
True
Is 290959 prime?
True
Is 82568741 prime?
True
Is 93238289 prime?
False
Is 377735131 prime?
True
Is 55072847 prime?
True
Is 21831911 composite?
False
Is 2209117 a composite number?
False
Is 14323997 prime?
False
Is 119214673 composite?
False
Is 82282747 prime?
False
Is 2574113 a composite number?
False
Is 863321671 a composite number?
False
Is 869917 a composite number?
True
Is 1826707 a composite number?
True
Is 7011877 a prime number?
True
Is 1154401 composite?
False
Is 115876169 a composite number?
False
Is 1259899 composite?
False
Is 413351 a prime number?
False
Is 6027127 prime?
False
Is 122181287 composite?
False
Is 63623897 composite?
False
Is 2632523 composite?
False
Is 4164383 a composite number?
True
Is 3219473 a composite number?
False
Is 1620769 a composite number?
False
Is 1771969 a prime number?
False
Is 428355619 composite?
True
Is 21098963 a prime number?
False
Is 4953023 a composite number?
False
Is 72742679 prime?
False
Is 446897 prime?
False
Is 8816497 a prime number?
False
Is 84734471 a prime number?
False
Is 13857941 a composite number?
True
Is 54276413 composite?
False
Is 9242243 a composite number?
False
Is 37907711 composite?
True
Is 9244867 prime?
True
Is 6108529 a prime number?
False
Is 127371857 prime?
False
Is 3320215 composite?
True
Is 11799289 composite?
False
Is 31769987 prime?
False
Is 16417409 a prime number?
True
Is 216075583 prime?
True
Is 2401687 prime?
False
Is 76507253 composite?
False
Is 247186 composite?
True
Is 63101743 a composite number?
False
Is 582811 prime?
False
Is 493453087 a prime number?
True
Is 2828881 prime?
False
Is 127426489 a composite number?
True
Is 123076159 a composite number?
False
Is 184249889 a prime number?
False
Is 58324459 a composite number?
True
Is 1056707 prime?
True
Is 6284027 prime?
False
Is 46936789 prime?
True
Is 253943191 a prime number?
False
Is 203598697 a composite number?
False
Is 3607754521 composite?
True
Is 1958407 composite?
True
Is 94647353 composite?
True
Is 114669479 a prime number?
True
Is 20746741 composite?
True
Is 619635857 prime?
False
Is 85957743 a composite number?
True
Is 22120357 a composite number?
True
Is 1276151 a prime number?
False
Is 2440621 composite?
False
Is 4533065 composite?
True
Is 74769583 composite?
True
Is 450097 composite?
True
Is 6221693 a prime number?
True
Is 244523 a composite number?
True
Is 5883041 a composite number?
True
Is 1208801999 prime?
True
Is 1929149 composite?
False
Is 4365859 a prime number?
True
Is 185097239 prime?
True
Is 128549 a composite number?
F